divided by 1898?
1657
What is the remainder when 1458082 is divided by 28589?
43
What is the remainder when 488187 is divided by 130?
37
What is the remainder when 2846659 is divided by 1242?
1237
Calculate the remainder when 625200 is divided by 312593.
14
What is the remainder when 400085 is divided by 12?
5
Calculate the remainder when 21932859 is divided by 71911.
4
What is the remainder when 350366 is divided by 87558?
134
Calculate the remainder when 177744341 is divided by 41.
34
Calculate the remainder when 1208495 is divided by 1831.
35
Calculate the remainder when 50247 is divided by 16667.
246
Calculate the remainder when 6840915 is divided by 3420376.
163
Calculate the remainder when 388642 is divided by 192323.
3996
What is the remainder when 286600 is divided by 62?
36
Calculate the remainder when 169643 is divided by 84406.
831
What is the remainder when 286851 is divided by 364?
19
What is the remainder when 152511 is divided by 518?
219
Calculate the remainder when 158517 is divided by 52694.
435
Calculate the remainder when 100794 is divided by 42.
36
Calculate the remainder when 24025 is divided by 23792.
233
What is the remainder when 74509 is divided by 3899?
428
What is the remainder when 79719 is divided by 38593?
2533
What is the remainder when 1767303 is divided by 589101?
0
Calculate the remainder when 1293799 is divided by 637.
52
Calculate the remainder when 1087051 is divided by 1483.
12
Calculate the remainder when 305586 is divided by 1853.
1694
What is the remainder when 562908 is divided by 636?
48
What is the remainder when 59074 is divided by 19585?
319
What is the remainder when 2525829 is divided by 3272?
3117
What is the remainder when 3612629 is divided by 2384?
869
What is the remainder when 44222381 is divided by 52149?
29
Calculate the remainder when 373461 is divided by 399.
396
What is the remainder when 310997 is divided by 90?
47
Calculate the remainder when 10562 is divided by 3284.
710
What is the remainder when 247170 is divided by 5988?
1662
What is the remainder when 370131 is divided by 1022?
167
Calculate the remainder when 30831 is divided by 10093.
552
Calculate the remainder when 198576 is divided by 26.
14
Calculate the remainder when 6068151 is divided by 420.
411
Calculate the remainder when 102591209 is divided by 3.
2
What is the remainder when 3075090 is divided by 118272?
18
Calculate the remainder when 3919668 is divided by 2008.
52
Calculate the remainder when 429337 is divided by 101.
87
What is the remainder when 159896 is divided by 960?
536
What is the remainder when 148901 is divided by 49500?
401
Calculate the remainder when 1582071 is divided by 791034.
3
What is the remainder when 4141615 is divided by 2929?
9
What is the remainder when 1206 is divided by 1078?
128
What is the remainder when 283536 is divided by 47244?
72
What is the remainder when 4178650 is divided by 1744?
26
Calculate the remainder when 7357372 is divided by 61.
40
What is the remainder when 110656 is divided by 471?
442
Calculate the remainder when 15069079 is divided by 14.
11
What is the remainder when 2203535 is divided by 115974?
29
Calculate the remainder when 591456 is divided by 65599.
1065
Calculate the remainder when 195463679 is divided by 465.
464
What is the remainder when 106317 is divided by 552?
333
What is the remainder when 38207 is divided by 7628?
67
What is the remainder when 36549 is divided by 3912?
1341
Calculate the remainder when 607601 is divided by 202130.
1211
Calculate the remainder when 69828936 is divided by 6348084.
12
What is the remainder when 16352130 is divided by 79?
78
What is the remainder when 3370763 is divided by 1008?
11
What is the remainder when 6129428 is divided by 7558?
7448
What is the remainder when 127413356 is divided by 1355?
1351
What is the remainder when 26793 is divided by 1812?
1425
What is the remainder when 198024 is divided by 275?
24
What is the remainder when 6661317 is divided by 30?
27
Calculate the remainder when 32267245 is divided by 41.
40
Calculate the remainder when 45359758 is divided by 574.
556
Calculate the remainder when 121188 is divided by 2473.
11
Calculate the remainder when 179652 is divided by 5309.
4455
Calculate the remainder when 5491694 is divided by 122037.
29
Calculate the remainder when 2439944 is divided by 106.
36
What is the remainder when 78175135 is divided by 239801?
9
What is the remainder when 10636294 is divided by 95?
94
What is the remainder when 1810249 is divided by 4300?
4249
What is the remainder when 4741282 is divided by 8?
2
What is the remainder when 92303 is divided by 1259?
396
Calculate the remainder when 719881 is divided by 359564.
753
What is the remainder when 14360250 is divided by 219?
201
What is the remainder when 16222 is divided by 7220?
1782
Calculate the remainder when 396135 is divided by 70.
5
Calculate the remainder when 469558 is divided by 506.
496
Calculate the remainder when 1051210 is divided by 70077.
55
What is the remainder when 215517 is divided by 26936?
29
Calculate the remainder when 2262012 is divided by 6500.
12
Calculate the remainder when 3157050 is divided by 9.
3
Calculate the remainder when 976831 is divided by 5720.
4431
What is the remainder when 106116122 is divided by 356?
354
What is the remainder when 45459531 is divided by 45?
36
What is the remainder when 277086 is divided by 1721?
5
What is the remainder when 33915084 is divided by 155?
154
Calculate the remainder when 779757 is divided by 256025.
11682
What is the remainder when 1821889 is divided by 165626?
3
What is the remainder when 8404741 is divided by 62721?
127
Calculate the remainder when 9343718 is divided by 274815.
8
What is the remainder when 13385305 is divided by 1912176?
73
What is the remainder when 372948 is divided by 124186?
390
What is the remainder when 1036442 is divided by 196?
190
Calculate the remainder when 58623253 is divided by 356.
21
What is the remainder when 1961975 is divided by 43?
14
What is the remainder when 12744484 is divided by 954?
952
What is the remainder when 7098889 is divided by 191?
183
What is the remainder when 2302763 is divided by 2983?
2870
Calculate the remainder when 49746062 is divided by 329444.
18
Calculate the remainder when 7168347 is divided by 20.
7
What is the remainder when 11107252 is divided by 1180?
1092
Calculate the remainder when 9478259 is divided by 30.
29
What is the remainder when 3514116 is divided by 371?
4
Calculate the remainder when 2078188 is divided by 2601.
2590
Calculate the remainder when 45870598 is divided by 73.
26
What is the remainder when 178917 is divided by 91?
11
What is the remainder when 75264 is divided by 6747?
1047
What is the remainder when 5435821 is divided by 22?
17
What is the remainder when 560439 is divided by 3258?
63
Calculate the remainder when 145033776 is divided by 72516874.
28
Calculate the remainder when 146847 is divided by 61.
20
What is the remainder when 1901021 is divided by 76038?
71
What is the remainder when 11209322 is divided by 47497?
30
What is the remainder when 421104 is divided by 59?
21
What is the remainder when 382152 is divided by 218?
216
What is the remainder when 626935 is divided by 3944?
3783
What is the remainder when 12671889 is divided by 3519?
3489
Calculate the remainder when 783526 is divided by 4299.
1108
Calculate the remainder when 161143 is divided by 106.
23
Calculate the remainder when 741637 is divided by 326.
313
What is the remainder when 385856 is divided by 5465?
3306
Calculate the remainder when 114226 is divided by 260.
86
What is the remainder when 8144041 is divided by 19577?
9
Calculate the remainder when 13254584 is divided by 473377.
28
Calculate the remainder when 43489 is divided by 25.
14
Calculate the remainder when 2050497 is divided by 132.
9
Calculate the remainder when 272741 is divided by 4191.
326
Calculate the remainder when 23610345 is divided by 90461.
24
Calculate the remainder when 965579 is divided by 120685.
99
What is the remainder when 1220 is divided by 1217?
3
What is the remainder when 39914547 is divided by 50?
47
What is the remainder when 254570 is divided by 127266?
38
Calculate the remainder when 703406246 is